t t be 32 - 0 - (1 + 2). Suppose -5*g + 94 = t. Let d(h) = h**3 - 14*h**2 + 15*h + 10. What are the prime factors of d(g)?
2, 3
Let s be 30/25 - 1 - (-38)/10. Suppose 4*b - s*w - 113 = 23, -2*b + 53 = 3*w. List the prime factors of b.
31
What are the prime factors of (-1148)/8*(0 + 12)/(-6)?
7, 41
Let l be 1/(-3 + (-40)/(-12)). Suppose a = j - l*j - 22, 2*a + 3*j = -41. Let z = a - -34. List the prime factors of z.
2, 3
Suppose 2 = l - 12. Let s = l + -12. Suppose -37 = -5*n - s. What are the prime factors of n?
7
What are the prime factors of 2899180/1122 - (-8)/132?
2, 17, 19
Let u(r) = -26*r + 16. Let j be u(-7). Let a = -59 + j. List the prime factors of a.
139
Suppose -3*y - 438 = -5*y. List the prime factors of y.
3, 73
Let z(g) = 3*g**2 + 2*g - 1. Let n = -16 - -19. Suppose -3*d - 2*r = 15, 2*d + 2*r + n*r = -21. List the prime factors of z(d).
2, 5
Suppose 0 = 3*y - 5*m - 670, -5*m = -5*y - 4*m + 1080. List the prime factors of y.
5, 43
Let q = 7 + -1. Suppose 162 = 4*f - 2*r, 5*f - 204 = 3*r + r. Suppose -q*o = -o - f. What are the prime factors of o?
2
Suppose 0 = -3*w - l + 465 - 1522, 706 = -2*w - 2*l. What are the prime factors of w/(-12) - (-6)/9?
2, 3, 5
Suppose -d + 12 = -j - 5*d, 0 = 3*d + 12. Let i be j/6 + (-8)/12. What are the prime factors of (19 - i) + 3/1?
2, 11
Suppose 2*z - 263 = x, -6*z + 5*z = -2*x - 133. Suppose 53 = 2*p - 3*i + 4*i, 3*i = 4*p - z. What are the prime factors of p?
29
Let u = -39 - -50. Let k = -20 + u. List the prime factors of (k/2 + 2)*-4.
2, 5
Let b be (2 - 29/(-2))/(1/2). Suppose -90 = -o + w + b, w = -2*o + 252. What are the prime factors of o?
5
Suppose 3*n + 4*q - 2203 - 2755 = 0, 5*q - 4957 = -3*n. What are the prime factors of n?
2, 827
Let v(x) = x**3 + 2*x**2 - 2*x + 1. Let u(k) = k**2 + 12*k + 12. Let y be u(-11). Let i be v(y). Suppose i*n - 71 = 5. List the prime factors of n.
2, 19
Let s = 249 + -1. Let d = s + -144. List the prime factors of d.
2, 13
Let x = 99 - 56. Let f = 6 + -1. Suppose 4*h - y - x = 0, -3*h - 4*y + 13 = -f. List the prime factors of h.
2, 5
Let y = 76 + -78. What are the prime factors of 508*y/8*-1?
127
Suppose -c + 35 = 6*a - 2*a, 5*a = 10. Suppose c = -4*l + 91. What are the prime factors of l?
2
Suppose -4*a = -2*a + 4*g + 8, a + 32 = 5*g. Suppose 3 = j - 2, -5*c - 20 = 2*j. Let h = c - a. What are the prime factors of h?
2, 3
Let b(t) = t**3 - 3*t**2 - 4. Let k be b(4). Suppose -20 = -3*l - l - 3*s, -2*s = 2*l - k. Suppose -g + l*g - 20 = 0. List the prime factors of g.
2, 5
Let d = -1 - -3. Let s(p) = 7 + 1 + p - p**d - 2*p. What are the prime factors of s(0)?
2
Suppose -30*d = 15491 - 63521. List the prime factors of d.
1601
Let l be (4 + 2)*2/2. Let r(m) = m - 4*m - l - 11 - 3*m. What are the prime factors of r(-7)?
5
Let y(a) = 2*a + a**2 + 7*a**2 - 4*a - 4*a**2 - 2. What are the prime factors of y(4)?
2, 3
Let x = 1867 + -654. What are the prime factors of x?
1213
Let w = 910 - 129. List the prime factors of w.
11, 71
Let f(x) = x**3 - 8*x**2 - 8*x - 6. Let z be f(9). Suppose 0*u - 249 = -z*u. What are the prime factors of u?
83
List the prime factors of (-12)/(-2)*((-6064)/(-24))/1.
2, 379
Let s = 8 - 7. Suppose 5*t - s = -3*v + 8, -3 = 2*t - v. Suppose -2*n - 4*m + 34 = t, 75 = 3*n + m - 3*m. List the prime factors of n.
23
Let s be 1 + -3 + -1*1. List the prime factors of (-203)/s - (-6)/(-9).
67
Let l = 17 - 16. Let y be l/4 + 15/4. Suppose -y*a - 44 = -8*a. What are the prime factors of a?
11
Suppose 0 = -5*z + q - 29, 2*q = 6*q - 16. List the prime factors of (-13)/(87/30 - (-2 - z)).
2, 5, 13
Suppose 0 = -11*r + 27*r - 18048. What are the prime factors of r?
2, 3, 47
Suppose 4*g = -2*t - 0*g + 2, 3*t - 10 = g. Suppose -4*j + o = -164, -4*j + 198 = j - t*o. Suppose -12 = 5*v - j. What are the prime factors of v?
2, 3
Suppose 0 = 2*m + n - 4368, -6295 = -3*m + 5*n + 270. What are the prime factors of m?
5, 19, 23
Suppose -27*a = -23*a - 604. What are the prime factors of a?
151
Let k(b) = b**3 - 6*b**2 + 4*b - 13. Let v be k(6). List the prime factors of 1476/11 + (-2)/v.
2, 67
Let g be 1/((-8)/12)*44/(-33). Let p(k) = 4*k**3 + 4*k**2 - 2*k - 4. Let u be p(-6). What are the prime factors of g/(-8) - u/32?
2, 11
Suppose 57*g = 11628 + 33402. What are the prime factors of g?
2, 5, 79
Let m(b) be the third derivative of b**6/120 - b**5/12 + b**4/24 - 10*b**3/3 - 4*b**2. What are the prime factors of m(8)?
2, 3, 5
Let a(h) = -h**2 - 7*h - 6. Let r be a(-5). Suppose 0 = r*p - 8*p. Suppose 2*w = -2*m - 11 + 107, p = -4*m + 2*w + 186. What are the prime factors of m?
47
Suppose -24*o + 2974 = -3458. What are the prime factors of o?
2, 67
What are the prime factors of (-1)/3*(-33777)/135*15?
3, 139
What are the prime factors of (-5)/((-10)/1509)*(3 - 1)?
3, 503
Let x = -15 + 19. Suppose -2*g + x*g - 4 = 0. Suppose 5*v - 66 = g*v. List the prime factors of v.
2, 11
Suppose 0 = -5*c + 5*u + 4460, -c + u = 4*c - 4476. What are the prime factors of c?
2, 7
What are the prime factors of (-15616)/(-32)*(1 - -1)?
2, 61
What are the prime factors of 72/54 + (22088/12 - 2)?
2, 5, 23
Suppose 5*p + 26 = 4*n, 2*n = 4*p - n + 20. Let b = p - -4. Suppose -4*r = -b*x + 34, -x - 2*r + 21 = -3*r. What are the prime factors of x?
5
Let b = 269 + -185. Let c = b - 54. What are the prime factors of c?
2, 3, 5
Let z = 6194 - 2826. What are the prime factors of z?
2, 421
Suppose -2*f + 354 = -4*f. Let j be 1/4 + f/(-12). Suppose j = s + 4*n, 2*n = -3*s + 6*n + 77. What are the prime factors of s?
23
Let d(w) = w**2 + 7*w - 9. Let k be d(-9). Let z be (7 + k)/((-2)/(-7)). Suppose 2*h = -n + 125, -z = -3*h - 5*n + 128. List the prime factors of h.
3, 7
Suppose 6812 = 838*n - 812*n. What are the prime factors of n?
2, 131
Let i be 342/10 - 9/45. Let b = 26 + i. What are the prime factors of b?
2, 3, 5
Let k = 344 + 1093. List the prime factors of k.
3, 479
Suppose -4*i - 24 = -4*g, 18 = g + 2*g - i. Suppose -r - 3*v + g*v + 31 = 0, -2*r + 5*v = -59. List the prime factors of r.
2, 11
Suppose -7*w + 43 = 15. Suppose -2*v - 72 = -5*a - 192, 57 = v - w*a. What are the prime factors of v?
5, 13
Let l(g) = 98*g - 42. What are the prime factors of l(5)?
2, 7
List the prime factors of (-118391)/(-52) - (-2)/8.
3, 11, 23
Let g be ((-36)/(-15))/(2/(-10)). Let y(m) = m**2 - 40. What are the prime factors of y(g)?
2, 13
Suppose 0 = -4*l - 17 - 15. Let h be l/(-16) + (-53)/2. Let u = -17 - h. What are the prime factors of u?
3
What are the prime factors of 2/5 - (-5436)/60?
7, 13
Suppose -13 - 7 = -v. Suppose -p = v - 111. What are the prime factors of p?
7, 13
Let b = 46 + -42. Suppose -c - 239 = -2*n + 4*c, -b*n = 4*c - 408. What are the prime factors of n?
107
Let s = -44 + 509. What are the prime factors of s?
3, 5, 31
Suppose 11*k - 8352 = 9138. List the prime factors of k.
2, 3, 5, 53
Let k be 12/(-42) - 10/14. What are the prime factors of (-39)/(-4) - k/4?
2, 5
Let o = 284 + -219. List the prime factors of o.
5, 13
Suppose -4*v + 757 = i, -6*i = -3*v - 3176 - 1501. What are the prime factors of i?
3, 7, 37
Let p be 22/(-26) + 1 - (-550)/(-26). Let j(d) = -d**2 - 27*d + 38. List the prime factors of j(p).
2, 41
Suppose -4*c - 4*l - 26 = 10, 3*c - 5*l + 27 = 0. What are the prime factors of (-98)/(-5) + c/15?
19
Let n = -20 - -28. List the prime factors of 2*-17*(-4)/n.
17
Let b(c) = c. Let n(k) = k**3 + 3*k**2 - 3*k - 6. Let f(j) = 5*b(j) - n(j). Suppose 2*y + 11 = 3*t - 11, 4*y = -3*t - 8. List the prime factors of f(y).
2
Let u = 14 + -13. Let i be (-52)/(-4)*(2 - u). Let q = i + 11. List the prime factors of q.
2, 3
Let t(p) = -3*p + 4. Let s = -9 - -4. Let g = -3 + s. What are the prime factors of t(g)?
2, 7
Let z be 2 + (-4)/8*-4. Suppose -p + z = p. Suppose -2*i + 0*b = b - 40, -p*b - 52 = -2*i. List the prime factors of i.
2, 11
List the prime factors of ((-2)/(-2))/(-1)*-1259 - -2.
13, 97
Let q be ((-12)/(-14))/(6/28). Suppose 17 - 1 = q*o. Suppose 5*l - 3*z = 204, -o*z - 118 = -2*l - l. List the prime factors of l.
2, 3, 7
Let d(h) = 9*h - 7. Suppose -r = -3*r + 16. List the prime factors of d(r).
5, 13
Let u = 113 - 74. Let x = 69 + u. What are the prime factors of x?
2, 3
Suppose 2*d - 1134 = 2*s, 4*s + 130 - 150 = 0. What are the prime factors of d?
2, 11, 13
Let a be 